*f - 15 - 55. Suppose k + 3*l + 4 = 0, 0*l - 36 = -5*k - l. Calculate the remainder when f is divided by k.
6
Let g(d) = -4*d. Let w be g(1). Calculate the remainder when (48/(-9))/(w/42) is divided by 18 + (0 - (1 + -2)).
18
Suppose y + 1 = 4, -y = 4*h - 159. What is the remainder when h is divided by 10?
9
Suppose -v + 67 = 2*c, -85 - 50 = -2*v - 5*c. What is the remainder when v is divided by 17?
14
Let g(o) = -o - 7. Let s(j) = j + 10. Let b be s(-5). Let v be g(b). Calculate the remainder when 11 is divided by 8*3*(-2)/v.
3
Calculate the remainder when (3 - 16/4)/(4/(-80)) is divided by 14.
6
Let x(z) = -z**2 + 8*z + 2. Let q(k) = 48*k + 2. Let p be q(2). What is the remainder when p/6 - 2/6 is divided by x(7)?
7
Let x(b) = b. Let h = -4 - -7. What is the remainder when 5 is divided by x(h)?
2
Let x(p) = -p**3 + 9*p**2 - 13. Calculate the remainder when x(6) is divided by 14.
11
Let v be (-394)/(-7) - (-10)/(-35). Suppose 0 = -6*w + 10*w - v. Calculate the remainder when 27 is divided by w.
13
Suppose 0 = j - 4. Suppose 0 = a - 25 + j. What is the remainder when 61 is divided by a?
19
Suppose -2*b + 17 = -7. What is the remainder when (3 - -1)*-1 + 39 is divided by b?
11
Suppose -g + 126 = -a, 2*g + a = -0*a + 267. What is the remainder when g is divided by 33?
32
Let g(i) = i**2 - 1. Let j be g(-2). Let w be (-4)/(2 + (-9)/j). Suppose o - 6 = -b - o, 72 = 4*b - w*o. What is the remainder when 40 is divided by b?
12
Let v = 315 - 181. Let z = -94 + v. What is the remainder when z is divided by 21?
19
Suppose 2*z - b - 8 = 0, -5*z + 1 + 19 = -2*b. Suppose 3*g + 45 = z*t - t, 4*t + 3*g - 25 = 0. What is the remainder when t is divided by 3?
1
Suppose o - 6 = -3*z + 19, -5*o + 5*z + 45 = 0. Calculate the remainder when o is divided by 8.
5
Let a(d) = d**3 - 2*d**2 + 3. Calculate the remainder when 103 is divided by a(4).
33
Let p = -25 + 30. Calculate the remainder when 37 is divided by p.
2
Let v(c) = 2*c**2 + 4*c + 5. Suppose 4*t - 3*g - 28 = 0, 12 = -g - 2*g. What is the remainder when v(-3) is divided by t?
3
Calculate the remainder when (-47)/(-1) + -3 + 1 is divided by ((-33)/(-2) - -6) + 2/4.
22
Suppose 14 = 2*h + 2. Let f = 11 - h. Suppose 3 = f*t - 12. Calculate the remainder when 7 is divided by t.
1
Let g(x) = -x**3 + 10*x**2 - 7*x - 9. Let w be g(9). Let s be (2 - w/6)*4. What is the remainder when 5 is divided by (3 - s)/1 + 1?
1
Let g(r) = r**3 - 4*r**2 - 9*r + 4. Let a be g(6). What is the remainder when 19 is divided by (-3)/6*a*-1?
8
Let u be -2 - 76/(3 - 4). Let i = 53 - u. Let o = i - -34. Calculate the remainder when 25 is divided by o.
12
Suppose 2*v - 4*l - 6 = 68, 0 = 2*v + 3*l - 60. Calculate the remainder when v is divided by 17.
16
Let x(q) = q + 4. Suppose -17 = 3*i - 2, 0 = 3*o - i + 19. Let n be -1*10*4/o. What is the remainder when 16 is divided by x(n)?
7
Suppose -8 = -4*i + 8. Calculate the remainder when 13 is divided by i.
1
Suppose -4*z - 18 = 22. Let p = -5 - z. Let a(c) = c**2 - 2*c - 1. What is the remainder when p is divided by a(3)?
1
Let m be (-6)/21 - 288/(-28). Suppose 4*t - m = 14. Calculate the remainder when 16 is divided by t.
4
Let h = -6 + 23. Let k = h - 12. What is the remainder when k is divided by 3?
2
Let o = 226 - 78. What is the remainder when o is divided by 30?
28
Let z = 215 - 139. Let i = z + -46. What is the remainder when i is divided by 16?
14
Let n be -2 - 3/(-3)*7. Suppose -5*q = -n*p - 60, -5*p + q - 69 - 11 = 0. Let v = p - -48. Calculate the remainder when v is divided by 8.
7
Suppose 0 = -69*c + 63*c + 96. Calculate the remainder when c is divided by 5.
1
Suppose -3*b + 9 = -3. Calculate the remainder when b is divided by 4.
0
Let i = 75 + -62. Calculate the remainder when 25 is divided by i.
12
Suppose -11*w + 89 + 43 = 0. Calculate the remainder when 30 is divided by w.
6
Let w(v) = -v - 2. Let j be w(-5). Suppose -3*y = 2*x - 8, 3*y + j - 10 = -x. Calculate the remainder when 6 is divided by y.
0
Let m(s) = s + 12. Let v be (-6)/(-4)*8/6. Calculate the remainder when -14*(1/v)/(-1) is divided by m(-8).
3
Suppose 4*d + 83 = 3*m, -7*d + 2*d - 130 = -5*m. What is the remainder when 40 is divided by m?
19
Let r be 3*(1 + -3 + 1). Let t(d) = -d**3 - 2*d**2 - 4*d - 4. Calculate the remainder when t(r) is divided by ((-18)/(-8))/(19/76).
8
Suppose -125 = -5*s + 3*m, -s + 12 + 11 = -m. Let y = 0 + 10. What is the remainder when s is divided by y?
8
Let i(y) = 2*y**3 - y**2 + 2*y - 2. Suppose 4*p - 4 = 2*k - 8, -4*k = -3*p - 8. Calculate the remainder when 40 is divided by i(k).
12
Let l = -34 - -53. Calculate the remainder when 21 is divided by l.
2
Let n = 64 + -38. What is the remainder when n is divided by 6?
2
Let h(v) = -v**2 - 14*v - 8. What is the remainder when 30 is divided by h(-12)?
14
Suppose 0 = 5*d + 88 - 168. What is the remainder when 94 is divided by d?
14
Let v(d) = 11*d - 1. Let c be -2 + 1 + 0 - 4. Let q = -4 - c. What is the remainder when v(q) is divided by 6?
4
Calculate the remainder when 40 is divided by ((-28)/5)/(16/(-40)).
12
Let f(x) = -x**2 - x. Let c be f(0). Suppose 5*v + 25 = c, 0 = -5*k - v - 4*v. What is the remainder when 10 + 2/(-3 + 1) is divided by k?
4
Let j = 84 + -67. Calculate the remainder when 61 is divided by j.
10
Let k = -19 - -35. Let j = -10 + k. Suppose -12 = -2*d + 2*y - 0, 0 = 3*d + 3*y - 48. What is the remainder when d is divided by j?
5
Suppose 4*d = -51 + 143. What is the remainder when d is divided by 5?
3
Let z = -896 - -965. What is the remainder when z is divided by (-18)/((-3 - -1)/2)?
15
Calculate the remainder when 2/((20/(-15))/(-4)) is divided by 3.
0
Suppose -5 - 28 = -3*x. Calculate the remainder when 20 is divided by x.
9
Suppose -m + 4*m = 33. Let s(b) = 5 + 1 + 5 - b. Calculate the remainder when m is divided by s(5).
5
Let p = 2 + 6. Suppose 5*x + 7 + 4 = -2*j, -5*x = 5. Calculate the remainder when p is divided by (-13)/j + 6/9.
3
Calculate the remainder when (60/100)/(2/210) is divided by 13.
11
Let j(q) = -15*q**2 + 2*q + 2. Let l(y) = y + 1. Let d(u) = -j(u) + 3*l(u). What is the remainder when d(-1) is divided by 8?
7
Calculate the remainder when 0 - 25/(-1) - 1 is divided by 9.
6
Let g(h) = h**2 + h + 20. Calculate the remainder when 32 is divided by g(0).
12
Let u = -4 + 13. What is the remainder when 17 is divided by u?
8
Let c = -21 - -40. What is the remainder when 92 is divided by c?
16
Suppose 220 = -c + 6*c. Let o(y) = 15*y**3 + y**2 - y. Suppose 1 = 3*h - 2. Calculate the remainder when c is divided by o(h).
14
Suppose 2*r = -4*c, -2*c - 3*r - 16 = 2*r. What is the remainder when 41/3 + 2/6 is divided by c/(-6) + (-25)/(-3)?
6
Let a = -13 + 38. Suppose -24*o - 81 = -a*o. What is the remainder when o is divided by 21?
18
Let t(v) = v**3 + 2. Let f be t(0). Suppose f*d = d - 3*g + 24, -d - 4*g + 19 = 0. What is the remainder when d is divided by 10?
9
Let z = -39 + 78. Calculate the remainder when z is divided by 7.
4
Calculate the remainder when ((-18)/12)/(1/(-2)) - -104 is divided by 22.
19
Let v be (-2)/7 + 4/14. Suppose -12 + v = -4*l. Calculate the remainder when l is divided by 1.
0
Let d be 9/(-3 + 3 - 1). Let f = d + 15. Let y = 0 + 11. Calculate the remainder when y is divided by f.
5
Suppose -5*n = -3*n - 44. Let d = -32 + 44. Calculate the remainder when n is divided by d.
10
Let d(k) = -k - 7. Let u(a) = a**3 + 3*a**2 - 2*a - 1. Let q be u(-4). Let y be d(q). Suppose 6*v - 64 = y*v. Calculate the remainder when 47 is divided by v.
15
Calculate the remainder when (-207)/(-5) + ((-21)/(-35))/1 is divided by 16.
10
Let m(x) = -5 + 3*x + 3 - 1 - 2*x**2 + 9*x**2. Calculate the remainder when m(2) is divided by 16.
15
Suppose 49*a + 5*d + 65 = 52*a, 4*a - 4*d - 76 = 0. Suppose 2*c - 41 = 43. What is the remainder when c is divided by a?
12
Suppose -3*a = 4*i - 0*i - 170, 0 = -a + 3*i + 48. Let n(d) = d**2 + 12*d + 8. Let k be n(-6). Let g = a + k. What is the remainder when g is divided by 9?
8
Let p = -659 - -681. Let v = 180 + -94. What is the remainder when v is divided by p?
20
Suppose -3*k - 2*t + 154 = -57, 218 = 3*k - 5*t. Let j = 82 + -46. Calculate the remainder when k is divided by j.
35
Suppose -35 = -4*p + 9. Let x(z) = -41*z. What is the remainder when x(-1) is divided by